{"id":128,"date":"2018-05-30T08:14:25","date_gmt":"2018-05-30T08:14:25","guid":{"rendered":"http:\/\/verkehrswende-jetzt.de\/?page_id=128"},"modified":"2018-06-22T08:45:48","modified_gmt":"2018-06-22T08:45:48","slug":"aktionsbuendnis-gegen-s21","status":"publish","type":"page","link":"http:\/\/verkehrswende-jetzt.de\/?page_id=128","title":{"rendered":"Aktionsb\u00fcndnis Kopfbahnhof 21"},"content":{"rendered":"<p>Aktionsb\u00fcndnis K 21 zum B\u00fcndnis Verkehrswende<\/p>\n<p>Das Aktionsb\u00fcndnis K 21 m\u00f6chte den Erhalt, den Ausbau und die Modernisierung des Schienenverkehrs, und zwar beispielhaft mit dem Stuttgarter Kopfbahnhof.<br \/>\nWir suchen die Zusammenarbeit mit gleich oder \u00e4hnlich ausgerichteten Vereinigungen.<\/p>\n<p>Durch das Projekt Stuttgart 21 wird zus\u00e4tzlicher PKW-Verkehr verursacht und damit die ohnehin zu hohe Belastung der Stra\u00dfenanwohner und<br \/>\nVerkehrsteilnehmer durch gesundheitssch\u00e4dliche Stickoxid- und Giftstaubemissionen noch mal verst\u00e4rkt.<\/p>\n<p>Der Verkehrsberater Karlheinz R\u00f6\u00dfler hat diese zus\u00e4tzliche Belastung in seiner Untersuchung &#8222;zum Stickoxid- und Feinstaubemissionen des durch Stuttgart 21<br \/>\nverursachten Autoverkehrs vom 18.3.2018&#8220; aufgezeigt. Die beiden Entwicklungspfade darin stellen zwei Extremf\u00e4lle dar, die Realit\u00e4t wird dazwischen liegen:<\/p>\n<p>Die zus\u00e4tzlichen Stickoxidemissionen summieren sich innerhalb von 30 Jahren auf rund 1.700 bzw. auf \u00fcber 600 Tonnen (im Entwicklungspfad 1 bzw. 2).<br \/>\nDies entspricht im Jahresdurchschnitt einem Stickoxidaussto\u00df von gut 20 bzw. fast 60 Tonnen (im Entwicklungspfad 1 bzw. 2).<\/p>\n<p>Der Mikrostaubaussto\u00df der Kategorien PM10 und PM2,5 zusammen betr\u00e4gt rund 750 Tonnen bzw. rund 560 Tonnen (im Entwicklungspfad 1 bzw. 2).<br \/>\nAuf den Durchschnitt an Giftstaub pro Jahr bezogen, ergibt dies rund 25 Tonnen bzw. knapp 20 Tonnen (im Entwicklungspfad 1 bzw. 2), welcher von Autos stammt,<br \/>\nderen Fahrten zus\u00e4tzlich zum heutigen Verkehr durch Stuttgart 21 hervorgerufen werden. Die Umstellung auf Elektroautos schafft hierbei also kaum eine Linderung des Staubaussto\u00dfes.<\/p>\n<p>Mehr Informationen zum Aktionsb\u00fcndnis und seine Ziele gibt es unter:<\/p>\n<p><a href=\"http:\/\/www.umstieg-21.de\">www.umstieg-21.de<\/a><\/p>\n","protected":false},"excerpt":{"rendered":"<p>Aktionsb\u00fcndnis K 21 zum B\u00fcndnis Verkehrswende Das Aktionsb\u00fcndnis K 21 m\u00f6chte den Erhalt, den Ausbau und die Modernisierung des Schienenverkehrs, und zwar beispielhaft mit dem Stuttgarter Kopfbahnhof. Wir suchen die Zusammenarbeit mit gleich oder \u00e4hnlich ausgerichteten Vereinigungen. Durch das Projekt Stuttgart 21 wird zus\u00e4tzlicher PKW-Verkehr verursacht und damit die ohnehin zu hohe Belastung der Stra\u00dfenanwohner &hellip; <a href=\"http:\/\/verkehrswende-jetzt.de\/?page_id=128\" class=\"more-link\"><span class=\"screen-reader-text\">Aktionsb\u00fcndnis Kopfbahnhof 21<\/span> weiterlesen<\/a><\/p>\n","protected":false},"author":1,"featured_media":0,"parent":0,"menu_order":0,"comment_status":"closed","ping_status":"closed","template":"","meta":{"footnotes":""},"class_list":["post-128","page","type-page","status-publish","hentry"],"_links":{"self":[{"href":"http:\/\/verkehrswende-jetzt.de\/index.php?rest_route=\/wp\/v2\/pages\/128","targetHints":{"allow":["GET"]}}],"collection":[{"href":"http:\/\/verkehrswende-jetzt.de\/index.php?rest_route=\/wp\/v2\/pages"}],"about":[{"href":"http:\/\/verkehrswende-jetzt.de\/index.php?rest_route=\/wp\/v2\/types\/page"}],"author":[{"embeddable":true,"href":"http:\/\/verkehrswende-jetzt.de\/index.php?rest_route=\/wp\/v2\/users\/1"}],"replies":[{"embeddable":true,"href":"http:\/\/verkehrswende-jetzt.de\/index.php?rest_route=%2Fwp%2Fv2%2Fcomments&post=128"}],"version-history":[{"count":7,"href":"http:\/\/verkehrswende-jetzt.de\/index.php?rest_route=\/wp\/v2\/pages\/128\/revisions"}],"predecessor-version":[{"id":296,"href":"http:\/\/verkehrswende-jetzt.de\/index.php?rest_route=\/wp\/v2\/pages\/128\/revisions\/296"}],"wp:attachment":[{"href":"http:\/\/verkehrswende-jetzt.de\/index.php?rest_route=%2Fwp%2Fv2%2Fmedia&parent=128"}],"curies":[{"name":"wp","href":"https:\/\/api.w.org\/{rel}","templated":true}]}}

Aktionsbündnis Kopfbahnhof 21

<p>Aktionsbündnis K 21 zum Bündnis Verkehrswende</p>
<p>Das Aktionsbündnis K 21 möchte den Erhalt, den Ausbau und die Modernisierung des Schienenverkehrs, und zwar beispielhaft mit dem Stuttgarter Kopfbahnhof.<br />
Wir suchen die Zusammenarbeit mit gleich oder ähnlich ausgerichteten Vereinigungen.</p>
<p>Durch das Projekt Stuttgart 21 wird zusätzlicher PKW-Verkehr verursacht und damit die ohnehin zu hohe Belastung der Straßenanwohner und<br />
Verkehrsteilnehmer durch gesundheitsschädliche Stickoxid- und Giftstaubemissionen noch mal verstärkt.</p>
<p>Der Verkehrsberater Karlheinz Rößler hat diese zusätzliche Belastung in seiner Untersuchung &#8222;zum Stickoxid- und Feinstaubemissionen des durch Stuttgart 21<br />
verursachten Autoverkehrs vom 18.3.2018&#8220; aufgezeigt. Die beiden Entwicklungspfade darin stellen zwei Extremfälle dar, die Realität wird dazwischen liegen:</p>
<p>Die zusätzlichen Stickoxidemissionen summieren sich innerhalb von 30 Jahren auf rund 1.700 bzw. auf über 600 Tonnen (im Entwicklungspfad 1 bzw. 2).<br />
Dies entspricht im Jahresdurchschnitt einem Stickoxidausstoß von gut 20 bzw. fast 60 Tonnen (im Entwicklungspfad 1 bzw. 2).</p>
<p>Der Mikrostaubausstoß der Kategorien PM10 und PM2,5 zusammen beträgt rund 750 Tonnen bzw. rund 560 Tonnen (im Entwicklungspfad 1 bzw. 2).<br />
Auf den Durchschnitt an Giftstaub pro Jahr bezogen, ergibt dies rund 25 Tonnen bzw. knapp 20 Tonnen (im Entwicklungspfad 1 bzw. 2), welcher von Autos stammt,<br />
deren Fahrten zusätzlich zum heutigen Verkehr durch Stuttgart 21 hervorgerufen werden. Die Umstellung auf Elektroautos schafft hierbei also kaum eine Linderung des Staubausstoßes.</p>
<p>Mehr Informationen zum Aktionsbündnis und seine Ziele gibt es unter:</p>
<p><a href="http://www.umstieg-21.de">www.umstieg-21.de</a></p>

<p>Aktionsbündnis K 21 zum Bündnis Verkehrswende Das Aktionsbündnis K 21 möchte den Erhalt, den Ausbau und die Modernisierung des Schienenverkehrs, und zwar beispielhaft mit dem Stuttgarter Kopfbahnhof. Wir suchen die Zusammenarbeit mit gleich oder ähnlich ausgerichteten Vereinigungen. Durch das Projekt Stuttgart 21 wird zusätzlicher PKW-Verkehr verursacht und damit die ohnehin zu hohe Belastung der Straßenanwohner &hellip; <a href="http://verkehrswende-jetzt.de/?page_id=128" class="more-link"><span class="screen-reader-text">Aktionsbündnis Kopfbahnhof 21</span> weiterlesen</a></p>
